alse
Is 23509294 a multiple of 1563?
False
Does 60 divide 216337711?
False
Is 34200630 a multiple of 810?
True
Is 231969106 a multiple of 12?
False
Is 9189 a factor of 4334887466?
False
Is 76 a factor of 1233653888?
True
Is 3210375 a multiple of 231?
False
Is 18862526 a multiple of 37?
True
Is 92177334 a multiple of 119?
False
Is 28270335 a multiple of 1904?
False
Is 4370255 a multiple of 41?
False
Is 41104703 a multiple of 23?
True
Is 46 a factor of 133124?
True
Does 2 divide 10994889?
False
Does 10 divide 2505340?
True
Does 9 divide 4638528468?
True
Is 45 a factor of 23318415?
True
Does 33 divide 967737705?
True
Is 78621770 a multiple of 24?
False
Does 2 divide 1986584?
True
Is 3304 a factor of 146751417?
False
Does 2338 divide 4105207694?
True
Is 6489634 a multiple of 193?
False
Does 749 divide 254992382?
False
Is 32 a factor of 138844625?
False
Is 372077920 a multiple of 296?
True
Does 37 divide 80336398?
True
Does 7574 divide 889376950?
True
Does 507 divide 590049595?
False
Does 201 divide 53463588?
True
Is 125 a factor of 772559552?
False
Is 17823400 a multiple of 29?
True
Is 114156349 a multiple of 12?
False
Is 2531933 a multiple of 49?
False
Is 929227950 a multiple of 4041?
True
Is 753 a factor of 559083000?
False
Is 181 a factor of 5014960665?
True
Does 249 divide 73491520?
False
Does 1984 divide 2637237952?
True
Is 15 a factor of 12565260?
True
Is 1256 a factor of 154145112?
True
Does 316 divide 34593737?
False
Does 69 divide 87925989?
False
Does 400 divide 22337600?
True
Is 135358432 a multiple of 703?
True
Does 30 divide 1912163085?
False
Does 967 divide 801643?
True
Is 33464619 a multiple of 135?
False
Is 211460707 even?
False
Is 547 a factor of 1022086032?
False
Is 64 a factor of 128874?
False
Is 481541355 a multiple of 45?
True
Is 2372825420 a multiple of 3605?
True
Is 55671720 a multiple of 3?
True
Is 6869 a factor of 110118017?
False
Does 131 divide 6247636?
False
Is 13278771 a multiple of 27?
False
Is 5908318 a multiple of 90?
False
Does 32 divide 72529192?
False
Is 14647251 a multiple of 8?
False
Is 17 a factor of 1150202990?
False
Does 281 divide 14493937?
False
Is 5540 a factor of 159107298?
False
Is 9441290 even?
True
Does 39 divide 12031791?
False
Does 75 divide 2105291025?
True
Is 50 a factor of 194782528?
False
Is 4302 a factor of 436941008?
False
Does 3012 divide 3274008382?
False
Is 13 a factor of 580251119?
False
Is 4675 a factor of 5308179525?
False
Is 192506466 a multiple of 29?
True
Is 66 a factor of 39435396?
True
Is 481 a factor of 226039697?
True
Is 59 a factor of 103976902?
False
Is 319 a factor of 56406602?
False
Does 12 divide 859215594?
False
Does 118 divide 28132646?
False
Is 603040915 a multiple of 5?
True
Is 853142804 a multiple of 44?
False
Is 3154930313 a multiple of 539?
False
Does 14 divide 786336096?
True
Does 659 divide 5926861?
False
Is 745266474 a multiple of 93?
True
Does 463 divide 2825588529?
True
Does 898 divide 449684134?
False
Does 2386 divide 48401767?
False
Is 1012428478 a multiple of 18?
False
Does 4766 divide 5587720358?
True
Is 3076349 a multiple of 239?
False
Does 688 divide 365901682?
False
Is 943 a factor of 417924211?
False
Does 83 divide 206857422?
False
Does 11 divide 176387093?
False
Does 1642 divide 184799531?
False
Is 11 a factor of 112316248?
True
Is 127482307 a multiple of 8?
False
Is 30086187 even?
False
Does 977 divide 15618322?
True
Is 1201278587 a multiple of 147?
False
Is 16167096 a multiple of 2466?
True
Is 18243600 a multiple of 80?
True
Does 1261 divide 250614286?
False
Is 131824788 a multiple of 12?
True
Is 5 a factor of 68706994?
False
Is 439699834 a multiple of 98?
True
Does 15 divide 536811171?
False
Is 142115068 a multiple of 5?
False
Is 203585017 a multiple of 545?
False
Is 1046 a factor of 54893034?
True
Is 892 a factor of 22712104?
True
Is 1321379157 a multiple of 21?
True
Is 1617039830 a multiple of 14?
True
Is 12 a factor of 65926909?
False
Is 2728 a factor of 268474190?
False
Is 39330503 a multiple of 2159?
True
Does 898 divide 3820172820?
True
Is 4828906350 a multiple of 1150?
True
Is 23169664 a multiple of 133?
True
Is 240895193 a multiple of 685?
False
Is 1434257 a multiple of 41?
False
Is 37863200 a multiple of 893?
True
Does 26 divide 80365428?
True
Does 1898 divide 15862103?
False
Does 1428 divide 530890865?
False
Is 56343276 a multiple of 80?
False
Is 125 a factor of 616937625?
True
Is 1001 a factor of 65894829?
True
Is 446647200 a multiple of 200?
True
Is 126100279 a multiple of 770?
False
Is 53 a factor of 247938823?
True
Does 18830 divide 6941792480?
True
Does 29 divide 3942929784?
True
Does 8 divide 656838010?
False
Is 194 a factor of 8847536?
False
Does 401 divide 9690165?
True
Is 792451834 a multiple of 1879?
False
Does 412 divide 370518604?
True
Does 21 divide 2910002655?
True
Is 54432957 a multiple of 111?
True
Is 904 a factor of 391414824?
True
Is 1099444773 a multiple of 24?
False
Is 851 a factor of 4119954810?
True
Is 613799475 a multiple of 1779?
True
Is 308704048 a multiple of 59?
True
Is 32928024 a multiple of 516?
True
Does 804 divide 231323899?
False
Is 17 a factor of 192097620?
True
Is 445 a factor of 464711694?
False
Is 263221703 a multiple of 337?
False
Is 58 a factor of 202999826?
True
Is 6578200 a multiple of 310?
True
Is 7318996 a multiple of 6?
False
Does 328 divide 1225590?
False
Is 1523640396 a multiple of 119?
False
Is 32 a factor of 30355008?
True
Is 190562738 a multiple of 2?
True
Is 715444830 a multiple of 13?
False
Is 35888563 a multiple of 13?
False
Is 131198467 a multiple of 893?
False
Does 653 divide 28710451?
True
Does 57 divide 3696378?
False
Does 1699 divide 530833554?
False
Does 10 divide 1358852720?
True
Does 49 divide 104542545?
False
Is 31418257 a multiple of 6?
False
Is 669 a factor of 19504695?
True
Is 194193405 a multiple of 547?
False
Does 2788 divide 250394063?
False
Is 1279199699 a multiple of 21?
False
Does 2089 divide 360622936?
False
Does 22 divide 1491295538?
False
Does 1800 divide 1514740819?
False
Is 970 a factor of 1202412988?
False
Is 11 a factor of 3875679625?
False
Is 192 a factor of 396112128?
True
Does 8 divide 13950410?
False
Does 7 divide 1218441?
True
Does 2156 divide 20767451?
False
Is 809 a factor of 1942363977?
False
Is 94 a factor of 113985684?
False
Does 455 divide 81597425?
True
Is 1356903 a multiple of 8?
False
Does 33 divide 39154824?
False
Is 491 a factor of 651086131?
True
Does 67 divide 360471591?
True
Does 7 divide 222317?
False
Is 356 a factor of 21186895?
False
Is 51397345 a multiple of 318?
False
Is 1219846994 a multiple of 4723?
True
Is 2520127782 a multiple of 261?
True
Is 49 a factor of 14743169?
True
Is 3127 a factor of 9578001?
True
Does 28 divide 1394767836?
True
Is 6 a factor of 6181518?
True
Is 54413233 a multiple of 22?
False
Is 5 a factor of 8400154?
False
Does 42 divide 42070255?
False
Is 92 a factor of 82835989?
False
Is 30 a factor of 13053690?
True
Is 36 a factor of 10986336?
True
Is 53732187 a multiple of 513?
False
Does 27 divide 25332614?
False
Does 5 divide 933270?
True
Is 41976909 a multiple of 171?
True
Is 259 a factor of 175915649?
True
Does 2896 divide 962289369?
False
Does 1342 divide 284810059?
False
Does 13 divide 117977786?
False
Does 8356 divide 116784128?
False
Is 42 a factor of 51974344?
False
Is 229479513 a multiple of 3?
True
Does 181 divide 366677764?
True
Is 48 a factor of 361247721?
False
Does 549 divide 88890786?
True
Is 2 a factor of 6528534?
True
Does 11 divide 53038873?
False
Is 198493488 a multiple of 16?
True
Does 239 divide 297869400?
False
Is 6 a factor of 160597506?
True
Does 501 divide 29179334?
False
Is 246899827 a multiple of 2467?
True
Is 10527281 a multiple of 4?
False
Is 262 a factor of 26722032?
False
Is 3828 a factor of 265196184?
True
Is 318884174 a multiple of 581?
True
Is 309 a factor of 416294930?
False
Is 696 a factor of 402636000?
True
Is 36299058 a multiple of 62?
False
Is 67535934 a multiple of 591?
True
Is 1406063435 a multiple of 2483?
False
Is 1246 a factor of 465986556?
True
Does 5437 divide 314856670?
True
Is 2368358 a multiple of 17?
False
Is 530704200 a multiple of 570?
True
Is 2774 a factor of 62210103?
False
Is 70540920 a multiple of 114?
True
Does 393 divide 3835056309?
True
Is 3473095512 a multiple o